What is the highest common factor of 5117 and 34?
17
Calculate the greatest common factor of 1 and 43.
1
What is the highest common factor of 143 and 923?
13
What is the highest common factor of 756 and 324?
108
Calculate the highest common factor of 3674 and 4175.
167
What is the greatest common divisor of 64 and 3104?
32
What is the greatest common factor of 268 and 4?
4
What is the greatest common divisor of 99 and 627?
33
What is the highest common divisor of 136 and 28?
4
What is the greatest common factor of 26 and 416?
26
What is the greatest common factor of 18 and 426?
6
Calculate the highest common factor of 23 and 621.
23
What is the greatest common divisor of 475 and 25?
25
What is the highest common divisor of 224 and 77?
7
What is the highest common divisor of 432 and 128?
16
What is the greatest common factor of 18 and 126?
18
What is the highest common divisor of 78 and 36?
6
What is the highest common divisor of 160 and 264?
8
What is the greatest common factor of 1008 and 3276?
252
Calculate the highest common divisor of 117 and 13.
13
Calculate the highest common divisor of 90 and 126.
18
Calculate the greatest common divisor of 507 and 39.
39
What is the greatest common divisor of 4307 and 118?
59
What is the highest common divisor of 11289 and 852?
213
Calculate the highest common factor of 18 and 1683.
9
What is the greatest common factor of 48 and 48?
48
What is the highest common divisor of 33454 and 86?
86
What is the greatest common divisor of 417 and 1112?
139
Calculate the highest common factor of 57 and 209.
19
What is the highest common factor of 169 and 195?
13
Calculate the greatest common factor of 54 and 405.
27
Calculate the greatest common divisor of 418 and 88.
22
What is the greatest common factor of 27891 and 27?
27
What is the greatest common divisor of 1599 and 246?
123
Calculate the highest common factor of 200 and 104.
8
Calculate the greatest common divisor of 63 and 9.
9
What is the greatest common factor of 1379 and 9259?
197
Calculate the greatest common divisor of 71640 and 18.
18
Calculate the greatest common factor of 32 and 4.
4
What is the greatest common divisor of 1508 and 232?
116
Calculate the greatest common factor of 784 and 66248.
392
Calculate the greatest common factor of 4 and 194.
2
What is the highest common divisor of 14721 and 21?
21
What is the highest common divisor of 402 and 6?
6
What is the greatest common divisor of 22 and 418?
22
Calculate the highest common factor of 325 and 13.
13
Calculate the greatest common divisor of 18 and 369.
9
What is the highest common factor of 822 and 186?
6
Calculate the greatest common divisor of 176 and 22.
22
Calculate the greatest common divisor of 441 and 4263.
147
What is the greatest common divisor of 126 and 1995?
21
Calculate the highest common divisor of 925 and 100.
25
Calculate the highest common factor of 882 and 567.
63
What is the highest common divisor of 3498 and 198?
66
Calculate the greatest common divisor of 117 and 104.
13
Calculate the highest common factor of 2668 and 116.
116
Calculate the greatest common factor of 22 and 418.
22
What is the greatest common factor of 16191 and 252?
63
What is the highest common divisor of 101726 and 38?
38
What is the highest common divisor of 575 and 25?
25
What is the greatest common divisor of 42 and 70?
14
Calculate the greatest common divisor of 437 and 38.
19
What is the highest common divisor of 2600 and 2548?
52
What is the greatest common divisor of 1900 and 300?
100
What is the highest common factor of 1972 and 34?
34
What is the greatest common divisor of 198 and 88?
22
What is the greatest common divisor of 42 and 952?
14
What is the highest common divisor of 1 and 37?
1
What is the highest common factor of 896 and 952?
56
Calculate the highest common divisor of 819 and 63.
63
What is the highest common divisor of 8052 and 11?
11
What is the greatest common factor of 72 and 27?
9
Calculate the highest common divisor of 88 and 330.
22
Calculate the highest common divisor of 24 and 64.
8
Calculate the greatest common divisor of 2475 and 1125.
225
Calculate the highest common divisor of 644 and 115.
23
Calculate the greatest common divisor of 33 and 22.
11
What is the greatest common factor of 12090 and 155?
155
Calculate the greatest common divisor of 8022 and 18.
6
Calculate the greatest common factor of 266 and 57.
19
Calculate the highest common factor of 1323 and 49.
49
What is the greatest common factor of 434 and 294?
14
What is the greatest common factor of 612 and 252?
36
Calculate the greatest common factor of 195 and 325.
65
What is the highest common factor of 18 and 24?
6
What is the greatest common factor of 159 and 6996?
159
What is the greatest common divisor of 432 and 1584?
144
Calculate the highest common divisor of 128 and 17344.
64
Calculate the highest common factor of 1859 and 33.
11
What is the greatest common factor of 40 and 4460?
20
Calculate the greatest common factor of 84 and 70.
14
Calculate the highest common factor of 10 and 320.
10
What is the greatest common divisor of 69 and 24?
3
What is the highest common divisor of 2358 and 54?
18
What is the highest common factor of 285 and 76?
19
Calculate the highest common factor of 17 and 2.
1
What is the highest common divisor of 26 and 130?
26
What is the highest common divisor of 2964 and 204?
12
Calculate the greatest common factor of 560 and 35.
35
What is the highest common factor of 17 and 476?
17
What is the highest common factor of 180 and 300?
60
What is the highest common divisor of 1486 and 2?
2
What is the greatest common divisor of 1368 and 1008?
72
What is the greatest common factor of 60 and 45?
15
Calculate the greatest common divisor of 143 and 198.
11
What is the highest common factor of 387 and 1247?
43
What is the greatest common factor of 60 and 220?
20
What is the highest common divisor of 232 and 783?
29
What is the greatest common factor of 24 and 152?
8
Calculate the greatest common divisor of 87 and 37584.
87
Calculate the greatest common factor of 55 and 385.
55
Calculate the highest common factor of 12524 and 62.
62
What is the greatest common divisor of 93 and 11904?
93
Calculate the greatest common factor of 54 and 1314.
18
Calculate the highest common divisor of 123 and 4838.
41
Calculate the greatest common divisor of 4994 and 110.
22
What is the highest common factor of 15 and 1335?
15
What is the highest common divisor of 6817 and 34?
17
Calculate the greatest common factor of 2987 and 412.
103
Calculate the greatest common divisor of 5616 and 208.
208
Calculate the highest common factor of 5024 and 64.
32
Calculate the greatest common divisor of 4413 and 3.
3
Calculate the greatest common factor of 40 and 230.
10
Calculate the highest common factor of 41 and 39811.
41
Calculate the highest common divisor of 6 and 2298.
6
Calculate the highest common factor of 101 and 8989.
101
Calculate the highest common divisor of 24 and 516.
12
Calculate the greatest common factor of 104 and 216.
8
What is the highest common factor of 272 and 1377?
17
Calculate the greatest common factor of 3120 and 600.
120
Calculate the highest common factor of 22 and 33.
11
What is the greatest common divisor of 56 and 5032?
8
What is the highest common factor of 3174 and 6?
6
What is the greatest common divisor of 16562 and 7?
7
What is the highest common divisor of 253 and 17963?
253
Calculate the highest common factor of 25 and 215.
5
What is the highest common factor of 2352 and 32?
16
Calculate the highest common factor of 11 and 3487.
11
Calculate the highest common divisor of 28770 and 14.
14
What is the greatest common factor of 20 and 540?
20
What is the highest common divisor of 29 and 203?
29
Calculate the highest common divisor of 209 and 22.
11
Calculate the greatest common factor of 385 and 3773.
77
Calculate the greatest common divisor of 35 and 5.
5
What is the greatest common factor of 456 and 84?
12
What is the highest common factor of 2712 and 4?
4
Calculate the highest common divisor of 12 and 310.
2
Calculate the highest common divisor of 18 and 2748.
6
Calculate the highest common factor of 2754 and 243.
81
What is the greatest common factor of 227 and 1?
1
Calcula